5 - (-8)/q is divided by n?
10
Let l be 952/490 + (-4)/(-70). Let h(k) = 22*k**2 - 8*k + 10. What is the remainder when h(l) is divided by 29?
24
Let n(o) = -3*o**2 + 22*o - 21. Let m be n(6). Suppose 3*k + 4 = 3*p - 20, -m*p + 29 = 2*k. What is the remainder when 20 is divided by p?
2
Suppose 20 = 3*q - 13. Suppose 5*o + 5 = 0, 1098 = 5*m - 4*o - 6. Suppose 20 = -215*j + m*j. Calculate the remainder when q is divided by j.
3
Let x(h) = 39*h - 1154. What is the remainder when 269 is divided by x(30)?
13
Let q = -256 - -260. What is the remainder when 12*-2*q/(32/(-68)) is divided by 41?
40
Let z be (6 - 52/12)/((-2)/(-12)). Calculate the remainder when 164 is divided by (-8*2/z)/(2/(-30)).
20
Let v(j) be the first derivative of -5*j**2/2 - 27*j - 11. Let f be v(9). What is the remainder when 44 is divided by (0 + f/(-20))*(-20)/(-8)?
8
Let a be ((-48)/32)/(4/((-16)/(-3))). What is the remainder when (-141)/(-21) - 3/(63/(-6)) is divided by 5 - (-1)/(a/6)?
1
Calculate the remainder when (-477)/(-636)*5/(15/1228) is divided by 7.
6
Let p = -5 - -6. Suppose 16 + 9 = 5*u, -5*u = -2*m + p. Suppose -m*n + 12*n = -37. Calculate the remainder when n is divided by 8.
5
Let o(q) = 2*q - 8. Let t be o(6). Let s = 238 - 212. Suppose 2*w + t = s. Calculate the remainder when 43 is divided by w.
10
Let o(v) = 158*v - 1097. Calculate the remainder when 2524 is divided by o(7).
4
Suppose 2*p - 9*f = 3 - 42, 5*f - 28 = -p. Calculate the remainder when 554 is divided by p.
2
Suppose -5*l + 1413 - 159 = l. What is the remainder when 17553 is divided by l?
206
Let b = 25 - -334. Suppose -192718*x + 558 = -192687*x. Calculate the remainder when b is divided by x.
17
Let i(h) = -h + 27. Let x be i(21). Suppose x*k - 89 = 391. Calculate the remainder when k is divided by 30.
20
Let g(r) = r + 28. Let f be g(-16). Suppose -7*p + f*p = 0. Suppose -7*j + 1135 - 442 = p. What is the remainder when j is divided by 26?
21
Suppose 3*h + 3*p = -12, 3*h - 3*p - 12 = 4*h. Suppose 4*j - 24*j + 760 = h. Calculate the remainder when 148 is divided by j.
34
Let q(g) = -47*g. Let n be 11 + -10 - (-14 - (-1)/(-1)). Suppose 2*b - 12 = -j + 3*b, 4*b + n = 0. Calculate the remainder when q(-1) is divided by j.
7
Let s = 254 + 310. Let i = s + -387. What is the remainder when i is divided by 13?
8
Let j(p) = p**2 - 7*p - 674. Calculate the remainder when 101 is divided by j(30).
5
Suppose -2*y - o - 15 = y, 0 = -4*y + 5*o - 20. Let t = y + 32. Calculate the remainder when ((-192)/18)/((-4)/30) is divided by t.
26
Suppose 30*u - 710 = -50. What is the remainder when 877 is divided by u?
19
Suppose g - 2 - 7 = 0. Suppose -35 = -10*n - 5. Suppose 2*i - 66 = 2*h, -4*i + 36 = -n*i + 2*h. Calculate the remainder when i is divided by g.
7
Let d = -8678 + 8897. Calculate the remainder when d is divided by 195.
24
Let i be (10/15)/(-1 - (-70)/66). Suppose s = i - 6. Suppose 0 = -s*x + 34 + 91. What is the remainder when 47 is divided by x?
22
Let w = 93 + -40. What is the remainder when (-3)/(-18) - 0 - 15632/(-96) - 7 is divided by w?
50
Let m be 4012/60 + 2/15. Suppose m*y = 64*y + 516. What is the remainder when 19 is divided by -2 - (-48)/28 - y/(-14)?
7
Let g = -7070 + 7098. What is the remainder when 1522 is divided by g?
10
Suppose m - 933 - 253 = 157. What is the remainder when m is divided by 5?
3
Let y = -46 + 47. Let f(x) = 3*x**2 - 1. Let t be f(y). Suppose -5*b = -5*h - 205, -2*b = -5*b - t*h + 148. Calculate the remainder when b is divided by 7.
4
Let d(i) = i**3 + 11*i**2 + 27*i + 4. What is the remainder when 1692 is divided by d(-6)?
20
Let m = -7271 - -8361. What is the remainder when m is divided by 140?
110
Calculate the remainder when 1 + (-4)/((-40)/3495)*(-4)/(-6) is divided by 81.
72
Suppose o - 4*l = 1233, 3741 = 86*o - 83*o - 5*l. Calculate the remainder when o is divided by 140.
137
Suppose 139045 + 82525 = 17*a - 18776. Calculate the remainder when a is divided by 10.
8
Suppose -64 = -4*x - 4*q, 2*x + q = -x + 44. Suppose -12*c - 5*m + 124 = -11*c, 0 = -2*c + m + 215. What is the remainder when c is divided by x?
11
Let o = 61 + -66. Let d be o*1*(-12)/18*-3. Let g = 26 + d. Calculate the remainder when 126 is divided by g.
14
Suppose 3*s + l - 796 = 2*l, 0 = 4*s + 2*l - 1068. Suppose s*t - 960 = 260*t. What is the remainder when t is divided by 27?
25
Suppose -m + 2 = 0, 10*m - 5*m = -4*u + 2302. Let f = -525 + u. What is the remainder when 382 is divided by f?
46
Let v = -42 + -14. Let n = 19 - v. What is the remainder when n is divided by 11?
9
Suppose 4*q + 752 = 4*s - 244, 0 = 2*s - q - 503. Suppose -4*n = c - 201, -4*c + s + 522 = 2*n. What is the remainder when c is divided by 15?
13
Suppose -s + 24 = s. Let a be ((-203)/35)/((-2)/10). Let z = a - -5. What is the remainder when z is divided by s?
10
Let g(s) = -s**3 - 2*s**2 + 8*s + 13. Let d be g(-3). What is the remainder when (14 - 186)/(4/d) - 2 is divided by 38?
8
Suppose -62*w = 3*f - 66*w - 521, 0 = 2*f + w - 362. What is the remainder when 893 is divided by f?
177
Let s = -607 - -1285. Calculate the remainder when s is divided by 18.
12
Suppose 5*g + 3*w - 1190 = 0, -2*g - 2*w + 647 = 171. What is the remainder when 635 is divided by g?
159
Let g be (-1)/(-2) + (-1230)/60. Let a be 3/((-18)/g) - 24/(-36). What is the remainder when 24 is divided by 1 - 33/(-7) - a/(-14)?
0
Let a = 6 + 12. What is the remainder when 82 is divided by (-2 + -47)*1/((-21)/a)?
40
Suppose 9*s + 2 = -25. Calculate the remainder when 60 is divided by 1426/(-69)*s/2.
29
Let i(y) = -433*y - 1089. What is the remainder when i(-8) is divided by 36?
35
Suppose 4*q = 2*y + 190, -5*y - 107 = -3*q + 46. Let f(l) = -5*l + 29. Let v be 16 - 14 - (13 + 1). What is the remainder when f(v) is divided by q?
43
Suppose -6*z + 2*i = -338, 23*z - 2*i = 19*z + 230. What is the remainder when 410 is divided by z?
32
Calculate the remainder when -10 + (56 + -58)/(4/(-3386)) is divided by 1674.
9
Let v(f) = -f**2 + 166*f + 378. Calculate the remainder when 901 is divided by v(168).
19
Let c = -34 + 41. Let u be (-1)/2*(c + -39). Suppose 2*t - u = 54. Calculate the remainder when t is divided by 9.
8
Let z(m) = -2*m**3 + 12*m**2 + 14. Calculate the remainder when 82 is divided by z(6).
12
Suppose -6*q = 187 - 151. What is the remainder when 152 is divided by q/24 + 3/((-12)/(-205))?
50
Let g(v) = 3*v**2 - 11*v - 59. Let p(h) = -h**3 + 7*h**2 - 6*h - 12. Let w be p(4). What is the remainder when g(w) is divided by 27?
25
Let j(q) = 3*q**2 - 14*q + 15. Let k(x) = -2*x**2 + 2. Let h be k(-1). Suppose h = -7*p + 8 + 34. Calculate the remainder when 114 is divided by j(p).
36
Let f = -19604 + 29664. What is the remainder when f is divided by 86?
84
Let u = 11547 + -11243. What is the remainder when u is divided by 78?
70
Suppose -4898 = 6*q - 37*q. Let k = q + -155. What is the remainder when 3 is divided by k?
0
Let l(x) be the second derivative of x**4/12 + 7*x**3/6 - 14*x**2 + 42*x. Calculate the remainder when 138/4 + 17/34 is divided by l(-11).
3
Let p(a) = -34*a - 1083. What is the remainder when 6058 is divided by p(-34)?
72
Suppose 3*h + 3*k = 243, 0*h - 4*h + 4*k + 300 = 0. Suppose -2*g = -6*g - 8. What is the remainder when h is divided by (55/(-75) - g/5)*-30?
8
Let u(o) = 161*o + o**2 - 37 - 203*o - 37. Calculate the remainder when 111 is divided by u(44).
13
Let y = -1074 + 1213. Calculate the remainder when y is divided by 18.
13
Suppose 3*t - 5*t - 4*m = -32, 2*t - 5*m = 59. Calculate the remainder when 305/2 + 3/(-6) is divided by t.
20
Let i(v) = 4*v**2 - 8*v + 40. Suppose 15*x + 80 = 23*x. Calculate the remainder when i(x) is divided by 91.
87
What is the remainder when (-6228)/(-20) - ((-12)/15)/(17 + -19) is divided by 21?
17
Let b(k) = 29*k - 1803. What is the remainder when b(74) is divided by 42?
7
Let p = 252 + -248. Suppose 2*f + h - 26 = -0*h, -p*f + h + 52 = 0. Calculate the remainder when 52 is divided by f.
0
Let d be -8 + 12 - 643*1. Let x = -629 - d. What is the remainder when 208 is divided by x?
8
Let l(c) = c**3 + 10*c**2 - 4*c - 4. Let r be 0/1 + 1 + -12. Let w be l(r). Let p = 103 + w. What is the remainder when p is divided by 14?
8
Suppose 5*k - p - 14181 = 0, 5*k - 3*p = 8043 + 6140. What is the remainder when